ndred thousands digit of 972156801?
1
What is the ten thousands digit of 99963495?
6
What is the billions digit of 3656157559?
3
What is the tens digit of 2367886759?
5
What is the ten millions digit of 508584006?
0
What is the hundreds digit of 1006034?
0
What is the millions digit of 158186841?
8
What is the ten millions digit of 486856234?
8
What is the hundreds digit of 2761796832?
8
What is the ten millions digit of 87244988?
8
What is the hundreds digit of 67364762?
7
What is the hundred millions digit of 1867008728?
8
What is the thousands digit of 18777081?
7
What is the ten millions digit of 18082618?
1
What is the units digit of 3645560076?
6
What is the millions digit of 1276046856?
6
What is the tens digit of 2062517094?
9
What is the units digit of 73244678?
8
What is the hundreds digit of 191827750?
7
What is the units digit of 399386119?
9
What is the millions digit of 616625348?
6
What is the units digit of 3039430748?
8
What is the hundred thousands digit of 1670723478?
7
What is the ten millions digit of 57784393?
5
What is the units digit of 20589658?
8
What is the hundreds digit of 46831172?
1
What is the thousands digit of 47861501?
1
What is the tens digit of 118238590?
9
What is the millions digit of 51291614?
1
What is the millions digit of 167936286?
7
What is the hundred thousands digit of 222514055?
5
What is the units digit of 1028849080?
0
What is the thousands digit of 1895108177?
8
What is the units digit of 459987184?
4
What is the units digit of 31271017?
7
What is the tens digit of 163067996?
9
What is the thousands digit of 73217016?
7
What is the thousands digit of 708367295?
7
What is the units digit of 2501957872?
2
What is the tens digit of 923012584?
8
What is the units digit of 163619708?
8
What is the ten thousands digit of 38645855?
4
What is the hundred thousands digit of 57365332?
3
What is the billions digit of 3333214800?
3
What is the tens digit of 366674372?
7
What is the hundreds digit of 76610668?
6
What is the tens digit of 120828429?
2
What is the ten millions digit of 73239042?
7
What is the ten millions digit of 371274572?
7
What is the thousands digit of 62797657?
7
What is the hundred thousands digit of 107893131?
8
What is the units digit of 91616736?
6
What is the ten thousands digit of 316106988?
0
What is the hundred thousands digit of 1140474880?
4
What is the hundred thousands digit of 1040981642?
9
What is the units digit of 2301029958?
8
What is the units digit of 35732096?
6
What is the hundreds digit of 37174477?
4
What is the hundred thousands digit of 177019793?
0
What is the hundred thousands digit of 2655362218?
3
What is the billions digit of 3198726719?
3
What is the hundred millions digit of 894566107?
8
What is the hundreds digit of 41269575?
5
What is the units digit of 21939446?
6
What is the hundred millions digit of 1748683065?
7
What is the hundred millions digit of 644134382?
6
What is the hundred thousands digit of 51063152?
0
What is the hundreds digit of 2971118081?
0
What is the ten millions digit of 2826472280?
2
What is the tens digit of 1491655053?
5
What is the units digit of 217702396?
6
What is the hundred thousands digit of 1707636?
7
What is the billions digit of 3532545875?
3
What is the thousands digit of 550210881?
0
What is the ten thousands digit of 199761237?
6
What is the units digit of 727449259?
9
What is the millions digit of 23633224?
3
What is the units digit of 835623923?
3
What is the hundred thousands digit of 128294446?
2
What is the hundreds digit of 774885411?
4
What is the millions digit of 983454522?
3
What is the ten millions digit of 828934659?
2
What is the ten thousands digit of 6751015597?
1
What is the ten thousands digit of 97559822?
5
What is the thousands digit of 131711431?
1
What is the ten thousands digit of 1907346406?
4
What is the hundreds digit of 885660342?
3
What is the units digit of 2400388985?
5
What is the tens digit of 789057686?
8
What is the hundreds digit of 135654470?
4
What is the tens digit of 69042097?
9
What is the ten millions digit of 91259101?
9
What is the hundreds digit of 355984819?
8
What is the hundreds digit of 4249382089?
0
What is the hundred millions digit of 149703199?
1
What is the units digit of 8320637018?
8
What is the ten thousands digit of 1865751093?
5
What is the ten thousands digit of 56234732?
3
What is the ten millions digit of 4848138191?
4
What is the thousands digit of 63630426?
0
What is the hundreds digit of 949760242?
2
What is the ten thousands digit of 10989218?
8
What is the tens digit of 3462592834?
3
What is the hundred millions digit of 483707375?
4
What is the ten millions digit of 1418218608?
1
What is the units digit of 250868915?
5
What is the ten millions digit of 178989145?
7
What is the hundred thousands digit of 106504908?
5
What is the millions digit of 630481816?
0
What is the ten millions digit of 70858377?
7
What is the thousands digit of 84157539?
7
What is the ten thousands digit of 375528825?
2
What is the millions digit of 98955341?
8
What is the millions digit of 500745901?
0
What is the millions digit of 34324246?
4
What is the hundreds digit of 72912027?
0
What is the ten thousands digit of 17402052?
0
What is the tens digit of 428828661?
6
What is the thousands digit of 24563359?
3
What is the ten thousands digit of 70231001?
3
What is the billions digit of 2134489091?
2
What is the tens digit of 4752089897?
9
What is the hundreds digit of 70288405?
4
What is the hundred millions digit of 1047928615?
0
What is the hundreds digit of 42473314?
3
What is the hundreds digit of 6753398004?
0
What is the hundred thousands digit of 395106916?
1
What is the millions digit of 70880336?
0
What is the thousands digit of 20825839?
5
What is the hundred thousands digit of 1471436532?
4
What is the hundred millions digit of 270656801?
2
What is the tens digit of 392785485?
8
What is the ten thousands digit of 555697453?
9
What is the units digit of 152039697?
7
What is the ten millions digit of 157210890?
5
What is the hundred thousands digit of 371722796?
7
What is the hundreds digit of 100263964?
9
What is the billions digit of 5427611506?
5
What is the hundred thousands digit of 168216932?
2
What is the millions digit of 4396560544?
6
What is the millions digit of 5429780068?
9
What is the tens digit of 48335708?
0
What is the thousands digit of 40045671?
5
What is the millions digit of 210576337?
0
What is the billions digit of 1133446937?
1
What is the hundreds digit of 60646791?
7
What is the hundred thousands digit of 190710845?
7
What is the ten thousands digit of 41227631?
2
What is the hundreds digit of 100510179?
1
What is the ten thousands digit of 29859822?
5
What is the hundred thousands digit of 2493220535?
2
What is the ten thousands digit of 33942983?
4
What is the millions digit of 2407313645?
7
What is the thousands digit of 761403025?
3
What is the hundreds digit of 33407266?
2
What is the ten thousands digit of 7788094?
8
What is the hundred thousands digit of 1463501689?
5
What is the tens digit of 6224384?
8
What is the tens digit of 4716769?
6
What is the hundred millions digit of 119329838?
1
What is the hundred thousands digit of 281513443?
5
What is the tens digit of 2672349184?
8
What is the tens digit of 117668926?
2
What is the hundreds digit of 4051372979?
9
What is the ten thousands digit of 5085325622?
2
What is the ten millions digit of 3177548305?
7
What is the ten millions digit of 4038438676?
3
What is the millions digit of 162472758?
2
What is the units digit of 198489938?
8
What is the hundreds digit of 1358895407?
4
What is the hundreds digit of 2597713742?
7
What is the millions digit of 1547375787?
7
What is the units digit of 1523377793?
3
What is the millions digit of 753813182?
3
What is the thousands digit of 325389199?
9
What is the ten thousands digit of 44580353?
8
What is the millions digit of 99530320?
9
What is the hundreds digit of 72801153?
1
What is the units digit of 1316135119?
9
What is the thousands digit of 5418108?
8
What is the hundred thousands digit of 284082747?
0
What is the hundred thousands digit of 706027106?
0
What is the ten thousands digit of 2812827025?
2
What is the millions digit of